947. Determine x(-4).
13
Let a(p) = -2*p**3 + 3*p**2 + 30*p + 37. Give a(-3).
28
Let n(o) = 17*o**3 - 2516*o**2 + 2500*o - 133. Calculate n(147).
14
Let p(f) = -38*f + 1173. Give p(43).
-461
Let c(n) = n**3 + 27*n**2 - 6267*n - 209557. Determine c(-35).
-12
Let n(k) = k**3 + 93*k**2 - 16729*k + 2759. What is n(-184)?
-1
Let h(n) = -4*n**2 + 148153*n - 1777255. What is h(12)?
5
Let v(w) = 121*w - 12130. Determine v(100).
-30
Let l(w) = w**3 + 8*w**2 - 224*w + 847. Calculate l(7).
14
Let u(m) = 173*m**2 - 4720*m - 8614. Determine u(29).
-1
Let t(b) = b**3 + 211*b**2 - 2040*b - 63077. Determine t(-219).
-5
Let q(b) = 11*b**2 - 90*b - 895. Determine q(-10).
1105
Let w(y) = 23198*y + 835068. Calculate w(-36).
-60
Let p(l) = 12*l**2 - 4*l + 76. What is p(6)?
484
Let a(u) = -1636*u + 86525. What is a(53)?
-183
Let k(o) = 4205*o + 63103. Determine k(-15).
28
Let i(p) = 8*p**2 - 31*p + 428. Determine i(16).
1980
Let l(s) = -18*s**2 + 699*s + 2398. What is l(42)?
4
Let z(c) = -1117*c**2 + 6700*c + 5. What is z(6)?
-7
Let w(b) = b**3 + 61*b**2 + 119*b + 490. Calculate w(-59).
431
Let f(z) = 27*z**2 - 1905*z - 837. Give f(71).
15
Let l(k) = 6955*k - 47. What is l(0)?
-47
Let b(h) = -812*h**2 + 6*h - 5. Calculate b(2).
-3241
Let m(i) = 14624*i + 6054345. Give m(-414).
9
Let p(d) = -51*d**2 + 86*d + 37. What is p(5)?
-808
Let l(b) = 61*b**2 + 939*b - 4822. Give l(5).
1398
Let m(i) = 39*i + 209. What is m(6)?
443
Let l(b) = 41114*b + 164472. Give l(-4).
16
Let q(o) = 817*o**2 + 123367*o - 4. Determine q(-151).
-4
Let v(j) = j**3 - 35*j**2 - 1027*j + 88. Determine v(54).
34
Let z(w) = -2*w**3 + 7*w**2 - 19*w + 28. Give z(3).
-20
Let z(m) = 30*m**3 + 9*m**2 - 663*m - 664. What is z(-1)?
-22
Let z(w) = -37*w**2 - 271*w - 428. What is z(-5)?
2
Let o(u) = u**2 - 10812*u + 10136709. Determine o(1037).
34
Let m(z) = 1177*z**2 + 3419*z + 4. Give m(-3).
340
Let w(k) = -4807*k**2 - 96144*k - 89. What is w(-20)?
-9
Let b(f) = 3531*f + 179998. Give b(-51).
-83
Let p(h) = -h**3 - 11*h**2 + 146*h - 338. Determine p(5).
-8
Let x(p) = p**3 - 947*p**2 - 2814*p - 34196. Calculate x(950).
4
Let h(j) = -992*j - 11917. Determine h(-12).
-13
Let a(d) = 500*d + 2832. Determine a(-8).
-1168
Let x(a) = 697*a + 36088. Calculate x(-52).
-156
Let c(f) = -362*f**2 - 10857*f - 73. Calculate c(-30).
-163
Let r(u) = -2122*u + 265234. Give r(125).
-16
Let v(u) = -2645*u + 4389. What is v(2)?
-901
Let p(v) = 103*v**2 - 9446*v - 318. Determine p(91).
-6961
Let b(h) = -h**3 + 17*h**2 + 39*h - 347. Determine b(-5).
8
Let i(u) = -23*u**2 - 156*u - 891. Give i(-5).
-686
Let p(v) = 7*v - 458. Give p(13).
-367
Let a(i) = 146*i**2 - 5671*i - 900. Determine a(39).
-3
Let m(n) = -20*n**2 - 11742*n + 59217. Calculate m(5).
7
Let r(a) = -267642*a + 7761589. Determine r(29).
-29
Let k(n) = 39*n**2 - 911*n + 4585. What is k(5)?
1005
Let y(v) = -2*v**3 + 71*v**2 + 55*v - 1744. Determine y(36).
-1060
Let i(d) = -52*d**2 + 1041*d + 1046. Determine i(-1).
-47
Let m(y) = y**3 - 128*y - 5155. Give m(0).
-5155
Let r(t) = 4*t**3 + 4*t**2 - 241*t + 409. Calculate r(-9).
-14
Let g(f) = 1305*f + 383523. What is g(-294)?
-147
Let i(o) = 536*o + 7076. Determine i(-13).
108
Let d(n) = -5*n**2 - 1320*n + 10805. What is d(-272)?
-75
Let t(l) = -1018329*l - 8146636. Determine t(-8).
-4
Let w(b) = 2*b**2 + 1456*b + 114387. Calculate w(-90).
-453
Let c(g) = -3913*g + 43741. Give c(11).
698
Let i(q) = q**3 - 225*q**2 + 10678*q - 132. Calculate i(68).
4
Let h(o) = 1991*o - 4778. Determine h(2).
-796
Let p(z) = -19*z**3 - 106*z**2 - 270*z - 9. What is p(-6)?
1899
Let f(i) = -3*i**2 + 568*i - 7364. Give f(14).
0
Let x(w) = 4818*w + 231272. Determine x(-48).
8
Let z(a) = 2*a**2 - 317*a + 2554. Determine z(150).
4
Let x(k) = 2*k**3 - 7*k**2 + 278*k + 7799. Calculate x(-12).
-1
Let u(f) = -8*f**3 + 44*f**2 - 11*f - 57. Calculate u(3).
90
Let q(s) = -3*s**2 - 1053*s + 28220. Give q(-376).
20
Let p(c) = 2*c**3 - 20*c**2 - 57144*c + 514403. What is p(9)?
-55
Let u(g) = g**2 + 4232*g + 67420. Calculate u(-16).
-36
Let p(v) = 2601*v + 15579. What is p(-6)?
-27
Let q(v) = 725*v**2 - 13058*v + 23. Give q(18).
-121
Let c(q) = -q**3 + 18*q**2 + 9310*q - 37530. Determine c(4).
-66
Let m(p) = -19*p**2 + 77*p + 421. Determine m(-6).
-725
Let y(m) = -1191*m + 34853. Calculate y(30).
-877
Let n(x) = 14*x**2 - 209*x + 599. Give n(4).
-13
Let p(y) = 487*y**2 + 1458*y + 1401. Calculate p(-1).
430
Let b(q) = 425370*q + 425360. What is b(-1)?
-10
Let w(q) = q**3 - 821*q**2 + 20684*q - 341. Calculate w(26).
23
Let l(t) = 10168*t + 30410. What is l(-3)?
-94
Let f(d) = 19*d**3 + 91*d**2 - 15*d + 71. Calculate f(-6).
-667
Let t(y) = y**3 + 3*y**2 + 28*y + 120. Calculate t(-4).
-8
Let a(d) = 520*d**2 - 3499*d + 7. What is a(7)?
994
Let y(s) = -1157*s - 10402. Determine y(-10).
1168
Let h(s) = 2379*s + 149823. What is h(-63)?
-54
Let x(b) = -19240*b - 1346803. Give x(-70).
-3
Let a(k) = k**2 - 2286*k + 16035. Determine a(7).
82
Let b(j) = j**2 + 2462*j + 63337. Calculate b(-26).
1
Let m(l) = -98*l**2 + 1479*l - 4375. Calculate m(11).
36
Let k(a) = 11*a**3 - a**2 + 24*a + 92. Give k(-4).
-724
Let f(s) = 45405*s + 227038. Determine f(-5).
13
Let s(h) = -2*h**2 + 463*h + 7960. Give s(-16).
40
Let f(l) = l**3 - 4*l**2 - 3967*l + 149. What is f(65)?
19
Let l(i) = -17*i**2 + 4851*i - 8. Give l(0).
-8
Let m(a) = a**2 - 215842*a + 2589972. Determine m(12).
12
Let u(n) = n**3 - 166*n**2 + 6123*n + 41835. What is u(70)?
45
Let x(w) = w**3 + 214*w**2 + 10466*w - 3038. Calculate x(-138).
-2
Let y(x) = -2*x**2 - 13600*x + 163483. Calculate y(12).
-5
Let p(v) = 3*v**2 + 14113*v - 325864. Determine p(23).
322
Let d(g) = -915*g + 44675. Determine d(49).
-160
Let j(y) = y**3 - 25*y**2 - 12950*y + 298922. What is j(23)?
14
Let a(d) = d**2 + 3700*d + 736180. What is a(-211)?
1
Let r(h) = -10074*h - 30354. Determine r(-3).
-132
Let k(q) = -3*q**2 - 855*q + 1728. What is k(-287)?
6
Let q(n) = -726*n**3 - 9*n**2 - 8*n + 17. Determine q(1).
-726
Let y(v) = -4*v**3 + 15*v**2 + 15*v + 46. What is y(5)?
-4
Let f(t) = -1440*t + 624953. Determine f(434).
-7
Let l(b) = 8*b**2 - 929*b - 29408. What is l(142)?
-14
Let y(o) = o**2 - 2718*o + 21693. What is y(8)?
13
Let b(y) = y**2 + 1846*y + 22091. What is b(-12)?
83
Let x(w) = -46*w**3 - 6*w**2 + 4*w - 11. Give x(0).
-11
Let c(b) = -241*b**2 - 12660*b + 5989. What is c(-53)?
0
Let t(g) = -3*g**3 - 134*g**2 + 1325*g - 10. What is t(-53)?
-10
Let m(x) = 305*x**2 + 339*x - 2. Give m(-2).
540
Let j(q) = q**3 + 39*q**2 - 1580*q - 20764. Give j(-11).
4
Let j(x) = x**3 - 182*x - 176. Calculate j(-13).
-7
Let j(y) = 647*y - 53649. Determine j(83).
52
Let p(t) = -155*t - 10581. Determine p(-68).
-41
Let b(x) = 9*x**3 + 31*x**2 - x - 320. Give b(6).
2734
Let b(l) = 12*l**2 + 395*l - 16. Determine b(-35).
859
Let s(t) = 3*t**3 - 91*t**2 + 391*t - 3. Give s(5).
52
Let g(l) = 14*l**3 - 1583*l**2 + 130*l - 1806. Calculate g(113).
115
Let u(b) = 5082*b - 71278. Determine u(14).
-130
Let p(r) = 5938*r - 195864. Give p(33).
90
Let m(b) = 7*b**2 - 1284*b - 12970. Give m(-10).
570
Let h(w) = -427040*w - 1707913. Give h(-4).
247
Let i(g) = -39*g**2 - 629*g + 698. Give i(-17).
120
Let a(f) = -f**3 - 743*f**2 - 94110*f + 6962. Determine a(-581).
-10
Let d(j) = 2*j**3 - 6*j**2 - 113*j - 216. What is d(-2)?
-30
Let p(z) = 75*z**2 + 666*z - 3963. Give p(6).
2733
Let q(i) = 12*i**2 - 21332*i + 56804. Determine q(1775).
4
Let u(y) = 4438*y + 4485. Give u(-1).
47
Let c(f) = 4*f**2 + 19704*f + 78828. Calculate c(-4).
76
Let a(k) = 12*k**2 - 3950*k + 20089. Calculate a(324).
1
Let a(j) = 73163*j - 3658153. Give a(50).
-3
Let x(n) = 28*n**2 - 38099*n + 38102. Determine x(1).
31
Let b(j) = 17*j**2 + 37*j + 263. Determine b(0).
263
Let c(q) = -18*q**2 - 474*q + 886. What is c(-28)?
46
Let c(u) = -74*u**2 + 627*u + 45. What is c(9)?
-306
Let k(f) = 9355*f**2 - 233861*f - 37. What is k(25)?
313
Let n(g) = 5438*g + 397029. Determine n(-73).
55
Let x(h) = 4*h**3 + 13*h**2 - 30*h + 170. Give x(6).
1322
Let j(z) = 2*z**3 + 24*z**2 + 133*z + 1197. Calculate j(-15).
-2148
Let r(w) = -711*w + 68855. Calculate r(91).
4154
Let p(k) = -k**3 + 396*k**2 + 297*k + 39701. Calculate p(397).
1
Let s(h) = -h**2 + 590*h + 30629. Calculate s(638).
5
Let l(i) = 7*i**2 + 41*i - 346. De